lse
Is 3013597 prime?
False
Is 691463 composite?
False
Is 2153027 prime?
False
Is 176263765 composite?
True
Is 23804903 prime?
False
Is 39977771 a prime number?
True
Is 1125773827 prime?
True
Is 1289513 composite?
False
Is 1088687 composite?
False
Is 5699186 a prime number?
False
Is 12822997 prime?
False
Is 35906911 a prime number?
True
Is 7024531 a composite number?
False
Is 6234931 composite?
True
Is 70217309 a composite number?
False
Is 38072689 a composite number?
True
Is 19190915 a prime number?
False
Is 1279907 composite?
False
Is 1678459 composite?
False
Is 946379527 composite?
True
Is 37628023 a composite number?
True
Is 59172049 a prime number?
True
Is 2239793 a prime number?
True
Is 54367511 prime?
False
Is 1828619 composite?
True
Is 6514813 prime?
False
Is 448054171 composite?
True
Is 11456301 a prime number?
False
Is 1230241 composite?
False
Is 145558289 prime?
True
Is 19405253 composite?
True
Is 1901441 a prime number?
False
Is 3754297 a composite number?
True
Is 5966081 a prime number?
False
Is 203228567 a composite number?
True
Is 2892205 a prime number?
False
Is 195845471 composite?
False
Is 13606553 prime?
False
Is 425233 prime?
True
Is 63228283 composite?
True
Is 136016443 a composite number?
False
Is 4889711 prime?
True
Is 2241389 a prime number?
True
Is 42091079 composite?
False
Is 1991891 composite?
True
Is 2855306 a prime number?
False
Is 2909213 composite?
True
Is 15157237 a prime number?
True
Is 653029643 composite?
True
Is 100267 prime?
True
Is 1390237747 composite?
True
Is 3513637 prime?
True
Is 876706331 a composite number?
False
Is 418503 a composite number?
True
Is 39293831 a composite number?
False
Is 19857059 a prime number?
True
Is 24257 composite?
True
Is 21928721 composite?
False
Is 35522017 a composite number?
False
Is 38358713 prime?
True
Is 7066639 a composite number?
False
Is 49516931 composite?
False
Is 29367773 a prime number?
False
Is 2953787 a composite number?
True
Is 10194413 composite?
False
Is 398509 composite?
False
Is 106087 a composite number?
False
Is 4496341 a prime number?
True
Is 3817699 a prime number?
False
Is 75079 a composite number?
False
Is 141470531 composite?
True
Is 6883649 a prime number?
True
Is 538621 a composite number?
False
Is 519492829 composite?
False
Is 97406917 a composite number?
True
Is 57584599 a composite number?
False
Is 155749114 composite?
True
Is 493721 a prime number?
True
Is 1780421 a composite number?
True
Is 39509537 a prime number?
True
Is 63816109 composite?
True
Is 58876171 prime?
True
Is 18667927 prime?
False
Is 795811 composite?
True
Is 11120653 composite?
False
Is 474683189 a prime number?
True
Is 350923 composite?
True
Is 74619829 prime?
True
Is 3505126 composite?
True
Is 3003019 a composite number?
True
Is 20842327 composite?
True
Is 13523513 prime?
True
Is 2613593 a composite number?
True
Is 1094065915 a composite number?
True
Is 74875958 prime?
False
Is 22908071 composite?
False
Is 290896433 a composite number?
True
Is 25734271 composite?
False
Is 21327511 composite?
False
Is 88640029 a composite number?
False
Is 24489419 composite?
True
Is 6234929 a composite number?
True
Is 433549 a prime number?
True
Is 590181139 a prime number?
True
Is 81574037 a composite number?
False
Is 27611459 prime?
True
Is 1426571 prime?
False
Is 2825891 prime?
True
Is 4663499 prime?
True
Is 12643571 a composite number?
False
Is 3359221 composite?
False
Is 2784983 a prime number?
False
Is 11969735 prime?
False
Is 45999923 composite?
False
Is 78879947 composite?
True
Is 37646207 a composite number?
False
Is 576300119 prime?
False
Is 30963143 composite?
False
Is 98993023 prime?
False
Is 3314585 a prime number?
False
Is 9157 composite?
False
Is 8720057 a composite number?
False
Is 265735 a composite number?
True
Is 2105687 prime?
False
Is 238534007 prime?
True
Is 5695843 composite?
True
Is 654281 a prime number?
False
Is 76633121 a composite number?
False
Is 34654567 a composite number?
False
Is 4123694 a composite number?
True
Is 6613429 a prime number?
True
Is 20108729 a composite number?
False
Is 38600671 composite?
True
Is 11589007 a prime number?
True
Is 83537317 a composite number?
False
Is 869547587 a composite number?
False
Is 1199309 prime?
True
Is 227183063 a prime number?
False
Is 673769665 a composite number?
True
Is 197906343 a prime number?
False
Is 55244323 a composite number?
False
Is 26176577 composite?
True
Is 2120693 prime?
True
Is 11037797 a prime number?
True
Is 105844355 a prime number?
False
Is 23553749 prime?
False
Is 2262227 a prime number?
False
Is 52681921 a composite number?
False
Is 1354741 a prime number?
True
Is 589375967 a composite number?
True
Is 885251 prime?
True
Is 2160527 prime?
True
Is 4106111 prime?
True
Is 178326121 a composite number?
False
Is 2766137 prime?
False
Is 31680317 a composite number?
False
Is 40730047 composite?
False
Is 45320633 prime?
True
Is 109116223 composite?
False
Is 633559 prime?
True
Is 16131937 a composite number?
False
Is 15141323 prime?
True
Is 1966007 a composite number?
False
Is 3491261 prime?
True
Is 180542013 a prime number?
False
Is 1271671 composite?
False
Is 265738267 composite?
True
Is 89816597 a prime number?
False
Is 115110733 a prime number?
True
Is 5624539 composite?
True
Is 17228229 a prime number?
False
Is 1400429 composite?
True
Is 3163663 a composite number?
False
Is 434117 a prime number?
True
Is 1385773 a composite number?
True
Is 5507641 prime?
False
Is 99727603 prime?
True
Is 558790879 prime?
False
Is 116973793 a composite number?
False
Is 2218157 prime?
True
Is 41800721 a prime number?
False
Is 84364717 a composite number?
False
Is 263003 a prime number?
False
Is 598163 a prime number?
True
Is 1228133 a prime number?
True
Is 1240607 composite?
False
Is 1206119 a composite number?
True
Is 130599341 composite?
False
Is 1084680001 prime?
True
Is 68646569 composite?
True
Is 19740209 prime?
True
Is 202070471 a prime number?
False
Is 26879269 a prime number?
False
Is 95189209 a prime number?
False
Is 23567431 prime?
True
Is 63048521 a prime number?
False
Is 5129557 prime?
True
Is 6683671 prime?
False
Is 14759677 a composite number?
False
Is 76972619 composite?
False
Is 757483 a prime number?
False
Is 28576567 a prime number?
True
Is 14697661 composite?
True
Is 20084177 a prime number?
False
Is 359203 prime?
False
Is 24962731 prime?
True
Is 4578667 a prime number?
True
Is 1928693 a prime number?
False
Is 31226917 a prime number?
True
Is 10167709 a prime number?
False
Is 55795 a composite number?
True
Is 274109519 a composite number?
False
Is 375272747 a prime number?
True
Is 187043 composite?
False
Is 1447711 a composite number?
False
Is 15395889 prime?
False
Is 6145822 a composite number?
True
Is 757796813 a prime number?
True
Is 9955111 a composite number?
True
Is 112738159 composite?
True
Is 64256249 prime?
False
Is 794965 a composite number?
True
Is 28229599 composite?
False
Is 1899253 a composite number?
False
Is 1145093 a composite number?
False
Is 185748403 a prime number?
True
Is 60430399 a composite number?
True
Is 1415459 composite?
False
Is 12655411 composite?
False
Is 4285123 composite?
False
Is 2999761 prime?
False
Is 8185757 prime?
True
Is 2643523 a prime number?
True
Is 31052737 a prime number?
False
Is 9496007 a prime number?
False
Is 9070943 composite?
True
Is 2860409 composite?
False
Is 33469261 prime?
False
Is 172369 composite?
True
Is 22819351 a composite number?
False
Is 923744737 a prime number?
True
Is 83775119 composite?
True
Is 37915643 a prime number?
True
Is 116923 a composite number?
False
Is 74933687 a composite number?
False
Is 42713399 composite?
False
Is 13949687 prime?
True
Is 11006365 a prime number?
False
Is 4271527 a prime number?
False
Is 11715089 a composite number?
False
Is 850321 prime?
False
Is 824123 a composite number?
False
Is 5499217 a composite number?
False
Is 108887585 prime?
False
Is 5044051 a prime number?
False
Is 6680455 a composite number?
True
Is 1898447 prime?
True
Is 858491 prime?
False
Is 103383699 prime?
False
Is 1488413 a composite number?
False
Is 6983641 composite?
True
Is 524310247 prime?
False
Is 1095715 prime?
False
Is 315251 composite?
False
Is 2101817 a prime number?
True
Is 467837 prime?
False
Is 1499467 a prime number?
True
Is